
False
Is 28 a factor of 14947?
False
Is 8 a factor of 149?
False
Is 9 a factor of 56?
False
Is 8 a factor of 391?
False
Does 220 divide 20794?
False
Does 49 divide 19502?
True
Is 293 a factor of 63288?
True
Is 29 a factor of 1769?
True
Does 32 divide 3794?
False
Is 188 a factor of 49397?
False
Is 2 a factor of 47?
False
Does 25 divide 19874?
False
Is 8762 a multiple of 13?
True
Is 2697 a multiple of 93?
True
Does 10 divide 430?
True
Is 1911 a multiple of 49?
True
Is 9 a factor of 476?
False
Does 34 divide 476?
True
Is 10212 a multiple of 46?
True
Does 2 divide 2?
True
Is 67 a factor of 2010?
True
Is 9 a factor of 1056?
False
Is 10651 a multiple of 108?
False
Is 3769 a multiple of 64?
False
Does 2 divide 2104?
True
Does 22 divide 3132?
False
Is 79254 a multiple of 333?
True
Is 62 a factor of 372?
True
Is 8 a factor of 120?
True
Is 18 a factor of 392?
False
Is 1189 a multiple of 29?
True
Is 16 a factor of 976?
True
Is 377 a multiple of 80?
False
Does 24 divide 11952?
True
Is 4730 a multiple of 22?
True
Does 51 divide 5704?
False
Does 42 divide 3402?
True
Does 46 divide 65575?
False
Does 14 divide 906?
False
Does 17 divide 7701?
True
Is 11561 a multiple of 96?
False
Is 23 a factor of 11336?
False
Is 645 a multiple of 4?
False
Is 14 a factor of 2548?
True
Does 135 divide 11610?
True
Does 2 divide 168?
True
Does 46 divide 27286?
False
Is 33752 a multiple of 8?
True
Does 52 divide 9984?
True
Is 33 a factor of 2574?
True
Does 60 divide 2359?
False
Does 4 divide 5108?
True
Is 41 a factor of 369?
True
Is 27 a factor of 48?
False
Is 640 a multiple of 47?
False
Does 77 divide 8855?
True
Does 8 divide 941?
False
Is 16093 a multiple of 77?
True
Is 348 a multiple of 29?
True
Is 21 a multiple of 8?
False
Is 26 a factor of 17758?
True
Does 5 divide 435?
True
Does 168 divide 14363?
False
Is 31872 a multiple of 23?
False
Does 23 divide 552?
True
Is 7888 a multiple of 29?
True
Does 24 divide 1199?
False
Is 9 a factor of 162?
True
Is 240 even?
True
Does 18 divide 90?
True
Is 1402 a multiple of 19?
False
Does 63 divide 14994?
True
Is 15 a factor of 329?
False
Is 940 a multiple of 102?
False
Is 2196 a multiple of 13?
False
Is 12 a factor of 659?
False
Does 59 divide 785?
False
Does 6 divide 34587?
False
Does 24 divide 2064?
True
Does 15 divide 59759?
False
Is 35 a factor of 455?
True
Does 35 divide 2592?
False
Does 83 divide 40421?
True
Does 177 divide 9558?
True
Is 38 a factor of 34504?
True
Does 40 divide 3480?
True
Does 21 divide 84?
True
Is 51 a factor of 41549?
False
Is 96 a multiple of 96?
True
Is 41 a factor of 45018?
True
Does 15 divide 1322?
False
Does 18 divide 144?
True
Is 1470 a multiple of 30?
True
Does 138 divide 9322?
False
Is 1581 a multiple of 3?
True
Is 63 a multiple of 43?
False
Does 115 divide 26448?
False
Is 5 a factor of 5995?
True
Is 1269 a multiple of 9?
True
Is 18623 a multiple of 136?
False
Does 161 divide 10626?
True
Does 68 divide 113?
False
Is 14 a factor of 910?
True
Is 2475 a multiple of 11?
True
Is 24 a factor of 15103?
False
Is 18 a factor of 288?
True
Is 48 a factor of 8200?
False
Is 10 a factor of 148?
False
Does 55 divide 856?
False
Does 8 divide 152?
True
Is 43 a factor of 59856?
True
Is 2 a factor of 6?
True
Does 13 divide 7207?
False
Is 58344 a multiple of 12?
True
Is 69816 a multiple of 12?
True
Does 10 divide 9550?
True
Is 171 a multiple of 31?
False
Is 71 a factor of 813?
False
Is 73 a multiple of 3?
False
Is 96 a multiple of 48?
True
Does 15 divide 2385?
True
Is 580 a multiple of 20?
True
Does 87 divide 20097?
True
Is 257 a multiple of 16?
False
Is 3 a factor of 181?
False
Is 214 a factor of 4494?
True
Is 63 a factor of 7083?
False
Is 13 a factor of 1879?
False
Does 16 divide 736?
True
Is 2556 a multiple of 9?
True
Does 21 divide 273?
True
Is 13 a factor of 2554?
False
Does 22 divide 2266?
True
Does 120 divide 2520?
True
Does 8 divide 2790?
False
Is 30 a factor of 1830?
True
Is 6 a factor of 2058?
True
Is 6 a factor of 48?
True
Is 20345 a multiple of 90?
False
Does 16 divide 2740?
False
Does 30 divide 6420?
True
Does 4 divide 533?
False
Is 1014 a multiple of 4?
False
Is 15 a factor of 354?
False
Does 7 divide 3710?
True
Does 4 divide 3076?
True
Does 127 divide 98902?
False
Does 28 divide 1064?
True
Does 304 divide 10173?
False
Does 65 divide 715?
True
Is 6 a factor of 50138?
False
Does 235 divide 27082?
False
Does 7 divide 856?
False
Does 25 divide 4200?
True
Does 58 divide 13630?
True
Is 95 a multiple of 5?
True
Is 19 a factor of 247?
True
Is 6 a factor of 4092?
True
Is 79 a factor of 13179?
False
Does 168 divide 105000?
True
Is 22 a factor of 41756?
True
Does 24 divide 96134?
False
Does 13 divide 4030?
True
Is 48 a factor of 572?
False
Is 3 a factor of 64?
False
Does 32 divide 4736?
True
Does 55 divide 1170?
False
Is 372 a multiple of 79?
False
Is 22 a factor of 3806?
True
Is 8330 a multiple of 70?
True
Is 9 a factor of 23410?
False
Does 13 divide 1324?
False
Does 87 divide 37879?
False
Does 16 divide 1756?
False
Is 39400 a multiple of 25?
True
Is 37 a factor of 1702?
True
Is 67 a multiple of 9?
False
Does 24 divide 349?
False
Is 6 a factor of 1275?
False
Is 13 a factor of 7742?
False
Is 7 a factor of 26302?
False
Is 8 a factor of 8775?
False
Is 1661 a multiple of 5?
False
Does 25 divide 10500?
True
Is 8287 a multiple of 30?
False
Is 99 a factor of 5853?
False
Is 148 a factor of 2140?
False
Is 5780 a multiple of 121?
False
Does 108 divide 11070?
False
Is 13 a factor of 1753?
False
Is 4935 a multiple of 15?
True
Is 16184 a multiple of 27?
False
Is 20 a factor of 90?
False
Is 168 a multiple of 7?
True
Is 10 a factor of 379?
False
Does 14 divide 18276?
False
Is 167 a factor of 41592?
False
Does 3 divide 2729?
False
Is 131 a multiple of 8?
False
Is 12 a factor of 4569?
False
Is 86 a factor of 2602?
False
Is 59 a factor of 2294?
False
Is 24 a factor of 77736?
True
Is 32 a factor of 576?
True
Is 3 a factor of 1638?
True
Is 35507 a multiple of 20?
False
Does 18 divide 76716?
True
Is 15459 a multiple of 8?
False
Is 12851 a multiple of 71?
True
Is 818 a multiple of 3?
False
Is 6 a factor of 374?
False
Is 427 a multiple of 59?
False
Is 98 a factor of 27440?
True
Is 27871 a multiple of 35?
False
Does 29 divide 65821?
False
Does 30 divide 29044?
False
Is 9268 a multiple of 104?
False
Is 9858 a multiple of 125?
False
Is 916 a multiple of 4?
True
Is 3 a factor of 4?
False
Is 13 a factor of 11064?
False
Is 104 a factor of 9984?
True
Is 63 a factor of 6444?
False
Is 63360 a multiple of 128?
True
Does 39 divide 156?
True
Is 72581 a multiple of 181?
True
Is 17 a factor of 1275?
True
Does 31 divide 588?
False
Is 11 a factor of 242?
True
Is 10 a factor of 1184?
False
Is 6 a factor of 228?
True
Is 576 a multiple of 8?
True
Is 35 a factor of 58284?
False
Is 1156 a multiple of 2?
True
Is 3913 a multiple of 13?
True
Is 32 a factor of 29344?
True
Is 52 a factor of 17108?
True
Does 48 divide 1731?
False
Is 5360 a multiple of 134?
True
Is 1932 a multiple of 38?
False
Is 10400 a multiple of 40?
True
Is 36 a factor of 189?
False
Is 9 a factor of 54?
True
Is 4960 a multiple of 80?
True
Is 10146 a multiple of 89?
True
Is 171 a factor of 66690?
True
Is 23 a factor of 2668?
True
Is 32 a factor of 512?
True
Is 1079 a multiple of 83?
True
Is 2262 a multiple of 39?
True
Is 90852 a multiple of 226?
True
Is 13890 a multiple of 172?
False
Is 14 a factor of 5362?
True
Is 1030 a multiple of 103?
True
Does 4 divide 3050?
False
Is 255 a multiple of 4?
False
Does 8 divide 17483?
False
Is 13866 a multiple of 9?
False
Is 229 a multiple of 10?
False
Is 20 a multiple of 5?
True
Does 38 divide 1406?
True
Is 141 a factor of 6552?
False
Does 14 divide 23366?
True
Is 2 a factor of 4782?
True
Is 2709 a multiple of 7?
True
Is 83 a factor of 1788?
False
Is 20 a factor of 547?
False
Is 5 a factor of 24615?
True
Does 13 divide 5431?
False
Does 3 divide 25296?
True
Is 1995 a multiple of 57?
True
Is 7398 a multiple of 9?
True
Is 10031 a multiple of 6?
False
Is 9997 a multiple of 13?
True
Is 4 a factor of 7535?
False
Does 56 divide 443?
False
Is 4356 a multiple of 11?
True
Does 16 divide 12112?
True
Is 250 a multiple of 25?
True
Is 1517 a multiple of 3?
False
Is 2893 a multiple of 11?
True
Is 2 a factor of 172?
True
Is 2560 a multiple of 160?
True
Does 16 divide 5501?
False